git of y/(2/(-2 - 6))?
8
Let x(f) = -f**3 - 1. Let p(a) = 5*a**3 - 2*a**2 + 5*a + 10. Suppose -2*b = 2*y - 0 + 4, -12 = -3*y. Let u(w) = b*x(w) - p(w). What is the units digit of u(-3)?
2
Let l(c) = 2*c - c + 4 + 6. What is the units digit of l(-8)?
2
Let u(v) = -2*v**3 - 3*v**2 + v + 2. Let i be u(-2). Suppose i = -3*a + 22. What is the units digit of a?
6
Suppose -18*q = -21*q + 198. Let y = q - 20. What is the tens digit of y?
4
Let p = 4 - -3. Let l(f) = -2*f - 7. Let x be l(-5). Let c = p - x. What is the units digit of c?
4
Let y(n) = 0 - 3*n - 1 + 2. What is the units digit of y(-2)?
7
Suppose -s + 0*b - 6 = -4*b, s - b = 0. What is the units digit of 18/s + (4 - 5)?
8
Suppose -3*k - 11 = -2*n, -2*n + 5*k = 3*n - 25. Suppose -3*v + n*h - 5 = -16, 3*v - 2*h = 19. What is the units digit of v?
9
Let p be ((-6)/(-9))/((-3)/(-18)). Suppose -5*r + 4*y = -86, p*r - 19 = 3*r - y. What is the tens digit of r?
1
Suppose 3*l - 489 = -3*q, -8*q - 815 = -5*l - 3*q. What is the units digit of l?
3
Let w(o) be the second derivative of o**6/720 + o**5/20 - o**4/4 + 2*o. Let n(v) be the third derivative of w(v). What is the units digit of n(6)?
2
Suppose -t = 2*t + 6. Let l(h) be the second derivative of -h**3/3 - 3*h**2/2 - 2*h. What is the units digit of l(t)?
1
Suppose -3*c + n + 69 = -2*n, c + 5*n = 11. What is the tens digit of c?
2
Let n(h) = -30*h + 16. What is the hundreds digit of n(-4)?
1
Let h be 2 + -2 - (-1 - 0). What is the tens digit of (7 - -7) + h + 0?
1
Let x be ((-4)/5)/(4/(-70)). Suppose -x = -h + 3. What is the units digit of h?
7
What is the tens digit of (-222)/(-4) - 5/10?
5
Let d be 3/(5/(10/3)). Suppose 2*z = 54 + 6. Suppose -d*t - t + z = 0. What is the tens digit of t?
1
What is the tens digit of 4 + 3/(-6)*-30?
1
Suppose n - 10 + 4 = 0. Let m(c) = c - 7. Let r be m(3). What is the units digit of 1/2 - n/r?
2
Let y(i) = 2*i + 54. What is the tens digit of y(0)?
5
Let b(x) = 2*x**2 - 5*x - 9. Let n(i) = i**2 - 2*i - 5. Let r(m) = 3*b(m) - 5*n(m). Let a be r(6). Suppose a*s - 26 = 14. What is the units digit of s?
0
Let s(y) = 6*y**3 - 1. Let w be s(1). Suppose 2*x + k - 3 = -4, -w*k - 15 = 5*x. What is the units digit of x?
2
Suppose -5*q = -2*d - 4, -5*d - 3*q + 15 = -6. Suppose -2*l + d*h + 4 = -15, -4*h + 68 = 4*l. What is the units digit of l?
4
Let q(d) = -d + 2. Let u be q(5). Let k = -5 - u. What is the units digit of k/(-8) - (-124)/16?
8
Suppose -3*s - 2*s = -145. What is the tens digit of s?
2
Suppose -2*c = -5*c + 204. Suppose -4*t = 12 - c. What is the units digit of t?
4
Let s(f) = f**2 - 2*f + 1. Let k be s(1). Suppose k*b = 5*b - 40. What is the units digit of b?
8
Let p(w) = 2*w - 4. Let j be p(-5). Let a = j + 30. What is the units digit of a?
6
Let o be (-2)/8 - 9/12. What is the units digit of (o/(-1))/(1/15)?
5
Suppose 4*l + 16 = 4*c, -5*c = 4*l - 0*c - 2. Let b be (l + 1)*2*-2. Suppose 2*t = -10, b*t + 10 = -0*z - 2*z. What is the units digit of z?
5
Let u(i) = -i**2 + 30. What is the units digit of u(0)?
0
Suppose 0 = -3*b + 12, -4*y - 6*b + 3*b + 24 = 0. Suppose o = 2*o - 3*k - 13, 4*o = -y*k + 22. What is the units digit of o?
7
Suppose -10*t - 5*g - 78 = -12*t, 3*t - 4*g - 103 = 0. What is the units digit of t?
9
Suppose 33 = 5*g - 47. Suppose 7 = -x + g. What is the units digit of x?
9
Suppose 0 = -4*q + 4*j + 616, -3*q + 615 = -4*j + 148. What is the tens digit of q?
4
Let k be ((-1)/2)/((-1)/(-2)). Let c(z) = -z**3 + 8*z**2 + 8*z + 2. Let i be c(9). Let s = k - i. What is the units digit of s?
6
Let d(f) = 7*f**2 + f. Let l be d(-1). Suppose -q + 18 + l = 0. What is the units digit of q?
4
What is the units digit of 3 - -66 - (1 + 3)?
5
What is the units digit of (-3)/(-6)*(-402)/(-3)?
7
Let q = -40 + 12. Let p = q + 42. What is the units digit of p?
4
Let a(i) = -i**2 + 4*i. What is the units digit of a(3)?
3
Let v be (18/24)/(1/32). Suppose -o - 4*i + v = -5, 5*o + 2*i - 73 = 0. What is the tens digit of o?
1
Let b = 40 - 19. Let h = 0 + b. What is the units digit of ((-4)/(-3))/4*h?
7
Suppose 2*a = 73 + 21. What is the units digit of a?
7
Let x(d) = -d**2 + 5*d - 4. Let k be x(3). What is the units digit of ((-1)/k)/(4/(-24))?
3
Suppose -6*h + 1 = -5*h. Suppose -5 = 3*t + h. Let b = t + 7. What is the units digit of b?
5
Let s(a) = -3*a + 14. What is the tens digit of s(-18)?
6
Let c be (8/(-3))/((-1)/(-183)). What is the units digit of (-18)/99 - c/22?
2
Let l(d) = -d**2 - 6*d - 11. Let m(n) = n**2 + 6*n + 10. Let y(k) = -5*l(k) - 6*m(k). What is the units digit of y(-4)?
3
Let s = 37 + -21. Suppose 2*t + 4 - s = 0. Let n = t + -5. What is the units digit of n?
1
Suppose -2*f = 2*f - 24. Suppose 5*k + 50 = 2*y, 4*y - 4*k = f*y - 32. What is the tens digit of y?
2
Suppose n + 5 = 3, 0 = -3*q + 5*n - 8. Let x = 8 + q. Suppose 0 = c + 5*t - 36, -x*c + 48 = c + 3*t. What is the units digit of c?
1
Suppose 0*l - 3 = 3*w - 3*l, 3*w - 5*l = -9. What is the tens digit of 15/3*(w - -3)?
2
What is the tens digit of (-930)/(-24) - (-3)/12?
3
Let z = -1 + 13. What is the tens digit of z/((-1)/(1/(-1)))?
1
Let r(z) = -z. Let l be r(-3). Let g = l + 1. Suppose -g*k + 0*k = -12. What is the units digit of k?
3
Let a(f) = 12*f - 2. Let u be a(5). Let k = u - 14. Let m = -28 + k. What is the tens digit of m?
1
Let g be ((-24)/30)/((-4)/10). Suppose g*v + 11 = 1. Let c(x) = x**3 + 6*x**2 + 3*x - 3. What is the units digit of c(v)?
7
What is the units digit of (1/3)/((-8)/(-2568))?
7
Suppose -2*o = -3*f + 4*f + 8, 0 = -2*f + 5*o + 11. Let z(j) = -j. Let p be z(f). What is the units digit of ((2 - 1)*14)/p?
7
Let m(b) = b - 1. Let o be (1 + -2)/((-1)/5). Let r = o + 0. What is the units digit of m(r)?
4
Suppose -108 = -5*c + 4*c. What is the units digit of c?
8
Suppose 2*b = 2 - 16. Let r be 159/15 - (-2)/5. Let m = b + r. What is the units digit of m?
4
Suppose 0 = 3*y - 2*y + 3*a - 52, -3*y + 4*a + 208 = 0. What is the tens digit of y?
6
Let k be ((-6)/15)/(1/(-5)). Suppose -2*a - n = -a, 4*a - 18 = 5*n. Suppose h + a = k*h. What is the units digit of h?
2
What is the tens digit of 3 + 5/(5/71)?
7
Let z = 13 - 5. What is the units digit of (18/(-12))/((-6)/z)?
2
Let q = 4 - 1. What is the units digit of q + 1 - (1 + -1)?
4
Let u be 16/20*10/4. Suppose -b = -4*h - 26, 7 = -5*h - 3*b - 17. What is the units digit of (14 + u)*(-3)/h?
8
Let m = 32 - 23. Let i = -7 + m. Suppose 0 = -i*h - 2*h + 24. What is the units digit of h?
6
Let n(a) = a**2 + 2*a - 2. Let b = 3 - 7. Let s be n(b). Suppose -s*c + c = -4*w - 73, -c + 3*w + 19 = 0. What is the units digit of c?
3
Let d be ((-1)/2)/((-2)/28). Let l be -46 - -1 - 7/d. What is the units digit of 6/(-9) - l/6?
7
Let h be (14/(-1))/(1*-2). Let y(l) = -3*l - 6. Let a be y(-3). Let f = h + a. What is the tens digit of f?
1
Let a(w) = 6 + 12*w**2 + 3*w - 11*w**2 - 8*w. What is the units digit of a(4)?
2
Suppose 0 = 2*m - 8*w + 3*w - 16, 0 = -5*m + 4*w + 23. Suppose c + f - 6 = 0, 4*c + m*f + 2*f = 24. Let u = c + -4. What is the units digit of u?
2
Let b be (-1)/(-5) + 34/5. Suppose -m + 3*u = 0, 2*m + u + 0*u - b = 0. What is the units digit of m?
3
Suppose 40 = -3*v + 4*v. What is the units digit of v?
0
Suppose -c = -0*c - 30. Let a = -18 + c. What is the tens digit of a?
1
Let y be (-3 - (-30)/8)*4. Suppose 5 + 46 = 3*g + y*o, -5*g + 83 = 4*o. What is the tens digit of g?
1
Suppose 0 = -f - 0 + 3. Suppose -f*n - 2*n = -25. Let y = n - -2. What is the units digit of y?
7
Let g = -130 + 136. What is the units digit of g?
6
Let d = 1 - -1. Suppose d*k = -k + 33. What is the tens digit of k?
1
Let b = 12 - 8. Suppose 0 = -5*j + 14 - 14. Suppose r - b - 5 = j. What is the units digit of r?
9
Let p(j) = -j**2 - 10*j - 6. Let i be p(-7). Let s(o) = o**2 - o + 1. Let x be s(3). Suppose h - 3*q - 18 = -x, -h + 5*q = -i. What is the units digit of h?
5
What is the units digit of (-18)/(-12)*4/3?
2
Let n(k) = -13 + k + k - 2. What is the units digit of n(10)?
5
Let w = 53 - 25. What is the units digit of w?
8
Let s(u) = -3 - 1 - u + 4. What is the units digit of s(-5)?
5
Let n(k) = -6*k**2 - k**3 - 7*k + 27 - 27. What is the units digit of n(-6)?
2
Let d(n) be the second derivative of 2*n**4/3 - n**3/6 + 2*n. What is the units digit of d(2)?
0
Let p(u) = 3 + 5 - 6 + u. Let v